 divisor of u and 7.
7
Let m = 141 - 123. What is the highest common divisor of 648 and m?
18
Let y = -6 + 34. Let m(r) = r**3 + 15*r**2 - 77*r - 11. Let z be m(-19). What is the greatest common divisor of y and z?
4
Suppose -48*g = -58*g + 600. Let y be -6*(-2)/(-4) + 93. What is the highest common divisor of y and g?
30
Let h = 154 + -95. Calculate the greatest common factor of 177 and h.
59
Let p = 118 + -67. What is the highest common divisor of p and 459?
51
Let q(k) = k**2 - 3*k + 1. Let i = -59 - -35. Let r be ((-1)/(-2))/(2/i). Let t be q(r). Calculate the greatest common factor of 11 and t.
11
Suppose d = 2*m - 3, -m = d + d + 1. What is the greatest common divisor of 13 and m?
1
Let w be 36/5*(-10)/(-6). What is the greatest common divisor of 204 and w?
12
Suppose -725 = -4*v + 4*o - o, 2*o - 366 = -2*v. Suppose -k + 22 = -l, -4*k + 212*l = 215*l - 116. What is the highest common divisor of k and v?
26
Let k(v) = v**3 + v**2 - 7*v. Let q be k(-2). What is the greatest common divisor of q and 310?
10
Suppose -w + 0*v - 3*v = -14, -4*w - 3*v = -47. Calculate the greatest common divisor of w and 473.
11
Let p(m) = 43*m**2 + m + 1. Let y be p(-3). Suppose 0 = 6*h - 135 - 75. Calculate the highest common divisor of y and h.
35
Let o(f) = 5*f + 7*f - 3*f**2 - 6 + 2*f**2 - 3*f. Let z be o(7). Let b be (-36)/1*(-34)/z. Calculate the highest common divisor of b and 17.
17
Let u(n) = -n**2 + 30*n - 73. Let v be u(11). What is the greatest common factor of v and 17?
17
Suppose -4*u - 3*r + 1632 + 1923 = 0, 4*r + 1794 = 2*u. Calculate the greatest common factor of 3 and u.
3
Suppose -83*c + 82*c + 192 = -3*g, -2 = -2*g. What is the highest common divisor of c and 39?
39
Let a(b) = -17*b - 58. Let r be a(-4). What is the greatest common divisor of r and 50?
10
Let b(l) be the second derivative of -l**5/20 - l**4/4 - 7*l**3/6 - 5*l**2/2 + 12*l. Let u be b(-7). What is the highest common factor of 48 and u?
48
Let m = 78 + -30. Let i be 1/2*m/8. What is the greatest common divisor of i and 9?
3
Suppose 599 = -31*y + 2335. Calculate the highest common divisor of y and 152.
8
Let q(j) = 4*j**2 - 12 - 8*j**2 + 3*j**2 + 1 - 18*j. Let i be q(-17). Suppose 689 = -i*t + 2225. Calculate the greatest common divisor of t and 32.
32
Let r(u) = 2*u + 18. Let b be r(-7). Suppose b + 20 = 2*i. What is the greatest common factor of i and 132?
12
Suppose 50*w - 80*w = -750. What is the greatest common factor of 1225 and w?
25
Let z(s) = s**2 - s - 1. Let l be z(-2). Suppose 2*b - 3*v + 2*v + 59 = 0, -3*b - l*v = 69. Let q = b - -76. Calculate the greatest common divisor of 6 and q.
6
Let m(q) = 9*q - 15. Let x be m(6). Let j = x + -25. What is the highest common factor of j and 28?
14
Suppose -2*m + 60 = m. Let o = -18 - -33. Suppose -2*r + 12 = -2*k - 2*k, 5*k - o = -5*r. Calculate the greatest common divisor of m and r.
4
Let u = 503 - 418. Calculate the highest common divisor of u and 136.
17
Let v = 6 - 3. Let f be 3/(((-9)/(-2))/v). Suppose i = -g + 5*i - 14, f*i = 2*g - 2. What is the highest common divisor of 4 and g?
2
Suppose 0 = -8*h + 13*h - 7220. Calculate the highest common divisor of h and 228.
76
Suppose -4*g = -804 + 252. What is the highest common divisor of 6 and g?
6
Suppose -2*a - 5*s = -2860 + 2207, -3*s = -2*a + 629. Let l = 6 - -23. Calculate the highest common factor of l and a.
29
Let c(y) = -11*y - 6. Let p be c(-1). Suppose p*m = -n + 50, 2*m = m - 3*n + 24. What is the highest common divisor of m and 3?
3
Let k be 12*(12/9)/2. Let g(s) = -s**2 - 13*s - 14. Suppose -4*y - 38 = 2*l, -4*l = -5 + 1. Let p be g(y). What is the greatest common factor of p and k?
8
Let c = -58 - -60. Suppose c*j - 93 = 35. What is the highest common divisor of 8 and j?
8
Suppose 2*w + a - 5*a - 224 = 0, -a = 3*w - 336. Let u be (10 + -9)/((-1)/1). Let h be -8*7*u/4. What is the highest common divisor of h and w?
14
Suppose -j + 15 = 2*w, 3*j + 0*w - 48 = -3*w. Let o = 340 - 221. Calculate the highest common factor of o and j.
17
Suppose 0 = 4*a - 0*a + 40. Let w be 8/a*1840/32. Let q = -14 - w. Calculate the highest common divisor of q and 4.
4
Let b(j) = -2*j**3 - 4*j**2 + 4*j. Let c be b(-4). Let s = c + -32. Let n be (29 - (-1 - -2))*(-4300)/(-1505). Calculate the greatest common divisor of s and n.
16
Suppose -13*h = 8*h - 1785. What is the greatest common divisor of 34 and h?
17
Let f = -22 - -30. Suppose -4 = -4*i + 4. Suppose 22 = 2*j - i. Calculate the greatest common factor of f and j.
4
Let y be (-1 - 2 - -1)*23/(-23). Suppose 4*z + 190 = y*m, -5*m + 3*z + 466 = 2*z. What is the highest common factor of 31 and m?
31
Suppose 0 = -8*y + 5*y - 36. Let x be ((-7)/(-2))/((-6)/y). Let i be 820/28 - 2/x. Calculate the highest common divisor of 87 and i.
29
Suppose -243 = 3*t - 6*t. Suppose -1245 + 2501 = 7*y + 1193. Calculate the greatest common factor of y and t.
9
Suppose -u + 18 = -3*i, -2*i - 17 + 1 = -u. Let n be ((-216)/(-42))/(6/126). What is the greatest common divisor of n and u?
12
Suppose 4*z = 2*h + 12, -2*h + 0*z = z - 3. Suppose -5*k + 10*k + 5 = h. Let u be (184/24)/(k/(-3)). What is the greatest common factor of u and 92?
23
Let t be (-21 + 25)*(-1)/2*-7. What is the highest common factor of t and 294?
14
Suppose -6*k + 28 = -k - 3*n, 2*k + n = 20. Calculate the highest common divisor of 1 and k.
1
Suppose 5*w - 1022 = -297. What is the greatest common divisor of w and 5?
5
Suppose 2*y = 4*y - 46. What is the greatest common factor of 23 and y?
23
Suppose 0 = -120*d + 139*d - 38. Calculate the greatest common divisor of 166 and d.
2
Suppose -a - 15 = 3*k, -4*a - 44 = 5*k - k. Let u = 160 - a. What is the highest common divisor of 13 and u?
13
Suppose 47 = 3*t + 41. Suppose 6*y - t*y - 72 = 0. Suppose 0*m - y = -3*m. Calculate the highest common factor of m and 12.
6
Suppose -3*m = -3*c - 6*m + 15, c + 2*m = 10. Suppose u - 2 = 2. Suppose c*p + u = 4*p. Calculate the greatest common factor of 11 and p.
1
Suppose -6*r + 97 - 19 = 0. Let p(j) = j**2 - 12*j - 19. Let w be p(r). Let a be 204/26 + w/(-39). What is the highest common factor of a and 4?
4
Let l = -2 + 26. Suppose -24 = -4*r + 6*r + 4*d, -5*r = d + 15. Let z(g) = 3*g**2 - 3*g - 6. Let v be z(r). What is the highest common factor of v and l?
12
Let o = 180 + -175. What is the highest common divisor of o and 65?
5
Let s = 30 - 61. Let b = -27 - s. What is the highest common factor of 12 and b?
4
Suppose 5*s - 3*h - 114 = 0, -6*s + 5*s + 2*h = -20. Suppose -z = -2*z + 24. Calculate the greatest common divisor of s and z.
24
Let c(w) be the third derivative of 11*w**5/20 - w**4/8 + w**3/6 - w**2. Let b be c(2). Let g = b + 44. Calculate the greatest common factor of g and 19.
19
Suppose 23 = f + 5*v, 3*v + 22 + 37 = 5*f. Suppose -5*d + 83 + 27 = 0. Suppose -5*s = -693 - d. What is the highest common divisor of f and s?
13
Suppose -p = -12*p + 198. Let m be 126/(4 + -8 + 5). What is the greatest common divisor of m and p?
18
Let g = -14 - -14. Let z be (-18)/(-7)*(g - -7). Suppose w = z - 8. What is the highest common divisor of 10 and w?
10
Let t = -1291 - -1312. What is the highest common factor of t and 4?
1
Let q(i) = 2*i + 8. Let h be q(-7). Let s be (12/(-8))/((-1)/h). Let o(m) = m**2 + 8*m + 3. Let r be o(s). What is the greatest common divisor of 108 and r?
12
Suppose -320 = -4*n - 60. What is the highest common factor of 91 and n?
13
Let h = -545 - -875. What is the highest common divisor of h and 30?
30
Let x = 45 + -45. Suppose x = -t + 26 + 8. Suppose -3 = -4*c + 201. Calculate the highest common divisor of t and c.
17
Suppose 4*i + 0*i - 4*q = 20, -4*i + 23 = -q. Suppose i*x + 10 = 106. Calculate the highest common factor of x and 48.
16
Suppose 4*m = -4*z + 88, 5*z - 19 = 4*m + 127. Let h be 584/10 - 4/10. Let r = h + -32. What is the greatest common divisor of r and z?
26
Let v = -853 + 1197. Calculate the greatest common divisor of v and 43.
43
Let r(v) = -6*v + 2. Let i be r(-9). What is the highest common divisor of 308 and i?
28
Let a(t) = 7*t + 2. Let y be ((-10)/(-6) - 2)/((-11)/66). Let f be a(y). Calculate the greatest common divisor of 2 and f.
2
Suppose 16*z - 4 = 12*z. Let i be (-6)/((-60)/15 - (-2)/z). Calculate the highest common divisor of 1 and i.
1
Let 